
Evaluate (79 - 85) + (0 + 1 - 0).
-5
Calculate -3 + -1 + 6 + 2.
4
What is the value of -6 + 0 + 2 - -3?
-1
-4 + 5 - (0 + 0) - 5
-4
What is the value of -1 - ((-11 - -6) + -1)?
5
Calculate -8 + (-4 - (-15 + 3) - 4).
-4
Calculate -6 + (3 - (-2 - -5)) + 2.
-4
What is the value of (-1 - 2) + (12 - (-2 - -11))?
0
Evaluate 6 + 0 + (3 - 6).
3
What is the value of 8 - ((3 - 5) + 14)?
-4
Calculate -1 + (-6 - (1 - 2)) - -8.
2
(-3 - -5) + -5 - (2 + -4)
-1
What is the value of -2 - (7 - 14 - (-1 - 2))?
2
4 + (1 + -4 - -4) + 0
5
What is the value of 0 + -3 + (-8 - 1) + 8?
-4
What is 6 - (2 + (-2 - (-4 + 1)))?
3
0 + (0 - 2) - (-3 + 2)
-1
What is the value of (3 - (6 - 2) - 1) + 5?
3
What is (-1 - -3) + (-1 - 2)?
-1
What is 9 + (9 - 6 - 15)?
-3
Calculate -33 + 24 + (-4 - -6).
-7
What is the value of 3 + 1 - (-4 - -8 - 1)?
1
Evaluate (-1 - 0) + (7 - 7).
-1
Calculate (1 + -5 - (-1 - 3)) + -1.
-1
Calculate 1 - (-1 - -4) - (-2 + -5).
5
Calculate -3 + 0 + -2 + -2 + 2.
-5
Evaluate -4 - (0 - (-10 + 8)).
-6
Calculate -1 + 5 - (-3 + 8 + -4).
3
Calculate -9 + (0 - (-12 + 6)).
-3
Evaluate -1 + -2 + (-14 - -16).
-1
Calculate -14 + 6 - -1 - -2 - -11.
6
Calculate 2 + 1 + 10 + -21.
-8
(16 - 7) + 8 - 8
9
What is 10 + (4 - (2 - 1 - -8))?
5
What is the value of 37 - 38 - (0 - (0 - 1))?
-2
What is the value of 3 + -1 + 0 + 2 - 4?
0
Evaluate -13 - (-4 + 11 - 14) - 1.
-7
Calculate ((-3 - 0) + -6 - -2) + 3.
-4
What is 8 + (-10 - (2 - 5)) + -4?
-3
-143 - -137 - (1 - -1)
-8
What is (1 - 1) + (17 - 15)?
2
Evaluate 8 - 6 - (-1 - -3).
0
Calculate 2 - -4 - (-3 - -6).
3
What is the value of (3 - 1) + (2 - 1) + 0?
3
Evaluate -1 - (-2 + 2 + -9 - -3).
5
Calculate 0 - -6 - (21 + -4 + -15).
4
Calculate 3 + -5 + -2 + 1 + 2.
-1
Calculate -7 + 4 + 4 + (1 - 1).
1
What is the value of -72 + 79 + 2 + (0 - 4)?
5
Evaluate (8 - 20) + 6 - (0 + -1).
-5
Evaluate 35 + -31 - (-2 - (-1 - -2)).
7
Calculate -1 + (18 - 11) - 5.
1
Evaluate (-10 - -8) + 4 - 1.
1
Calculate (-12 - (16 + -40)) + 0 + -7.
5
Evaluate (-27 - -23) + 0 + (0 - 3).
-7
Calculate -2 - (-9 + 8) - (-1 + 3).
-3
What is 2 + (2 + 2 - 12) + 2?
-4
(-3 - -4 - -3) + -1 + -2
1
What is the value of 3 - (3 + 3 + -2)?
-1
0 - (-2 - (5 + -3))
4
-10 - (3 + -1 + 2 + -10)
-4
What is -14 + 9 - (1 + -7 - 2)?
3
What is 0 + 9 + 6 + -10?
5
Evaluate 2 - 1 - -4 - (0 - -3).
2
Evaluate -13 - (-3 - 1 - 1).
-8
What is the value of (0 - (2 + -2)) + (-1 - 2)?
-3
Calculate 0 - (8 + (-2 - 1)).
-5
Evaluate -7 + 3 - (4 - 12 - 1).
5
Evaluate (-2 - (-6 + 3) - 4) + 1.
-2
What is the value of (-2 + -4 - -2) + 1?
-3
Evaluate (1 - (-4 + 4)) + (-8 - -13).
6
Calculate (-5 - -9) + -3 + -4.
-3
1 - (3 - 3) - (4 - 6)
3
Calculate 1 - (0 + -2 + 0).
3
What is 14 + -6 - 17 - -8?
-1
Evaluate 1 + 1 + (5 - 4).
3
What is -4 + 24 + -8 - 11?
1
Calculate (3 - (1 + 7)) + 2.
-3
Evaluate -16 - (2 + -7) - -9.
-2
(-1 - -1) + 1 + 4
5
11 + -2 + (2 - 9 - -3)
5
What is (-4 - (7 - (3 + -2))) + 5?
-5
Evaluate -11 + 6 - -15 - 5.
5
What is the value of 4 - (10 + -3) - -1?
-2
Calculate 4 + -1 - (-3 - -1 - -2).
3
Calculate 5 - (6 - (0 + -3)).
-4
Calculate 17 + (1 - 14) - 8.
-4
What is (0 - 8) + -6 - (-4 - 4)?
-6
What is 3 - 2 - (4 + -2)?
-1
Evaluate (-13 - -7) + (-2 - -4).
-4
Calculate -11 - (6 - 4) - -9.
-4
0 + -6 - (-4 - (3 + -4))
-3
-9 - -5 - (-2 + -2)
0
Evaluate 9 + (-11 - -3) + 5.
6
Evaluate (3 - 0) + (-6 - -7).
4
Evaluate -2 + 5 - 1 - (0 + 0).
2
3 - (-2 + -2 + 2) - 4
1
Calculate 6 - (-2 + 7 - 4).
5
What is (-1 - (6 - 4)) + 6?
3
-1 - (-15 + 2 + 6 + 17)
-11
Calculate 3 - 8 - -7 - (-1 - -7).
-4
What is the value of -8 - (0 + -1 + -17 + 12)?
-2
Calculate 2 - 0 - (7 - (0 - -9)).
4
Calculate -4 + 9 - (-2 + 3 + -3).
7
What is the value of 8 - (-8 - (-13 + -8))?
-5
Evaluate -7 + (7 - 2) + -6 + 3.
-5
Evaluate 8 + 3 - (-15 - -20).
6
Evaluate -19 + 8 - (1 + -11 - -6).
-7
Evaluate 0 + (2 - ((-5 - -6) + 5)).
-4
Calculate 4 - 4 - 1 - -1.
0
What is the value of -4 + (17 - 16) + 5 + -1?
1
What is -2 + -2 - (4 - 4 - 2)?
-2
1 + 0 + 4 + -6 + 6
5
What is the value of -4 - (-7 + 12 + -6 + 1)?
-4
What is the value of (6 - 3) + 0 + 1 + -4?
0
What is ((1 - 3) + 8 - 12) + 0?
-6
What is the value of 1 + 5 - (-1 - (0 + -4))?
3
Evaluate -5 - (-11 - -3 - (-13 - -16)).
6
What is the value of -1 - (-1 + -3 + 4 - 1)?
0
What is -6 - (6 - (-7 + 13))?
-6
What is 10 - 12 - -1 - (3 - 1)?
-3
(1 - (3 - 6)) + -6
-2
Evaluate (-7 - (-13 - -7)) + (-1 - 5).
-7
What is the value of -2 + 4 + -3 - 3?
-4
What is the value of -6 + (3 - 0 - 10 - -6)?
-7
What is the value of 6 - (7 - (-10 + 13))?
2
What is the value of (-4 + -3 - -3) + 0?
-4
Calculate 4 + 2 + (2 - (13 - 2)).
-3
What is (-3 - -4 - 3 - -4) + -4?
-2
Evaluate 7 - (-7 - (-13 - 3)).
-2
What is the value of 31 + -35 - (1 + -3)?
-2
What is the value of 0 - -6 - (-15 + 17)?
4
What is the value of 1 - -10 - (-15 + (28 - 6))?
4
Evaluate (1 - (8 - 2)) + (6 - -1).
2
What is the value of -4 - (-9 - (4 - 4))?
5
-1 - (2 - (8 + -3)) - 0
2
0 - 1 - 3 - (4 - 6)
-2
What is 1 + -2 + -2 - -8?
5
What is the value of (4 - 4) + (-3 - -2)?
-1
What is the value of 4 - (5 + -2) - (15 - 7)?
-7
Evaluate (0 - -5) + -2 - (1 - 2).
4
What is the value of (2 - 7) + 9 - 0?
4
Calculate (0 - (-5 + 2)) + 2.
5
Calculate 11 + 8 + -15 + (-2 - 5).
-3
What is -1 + -6 - (55 + -56)?
-6
Evaluate -1 - (-4 + 2 + -1).
2
What is (16 - 0) + -7 + -6?
3
4 - (-8 + 22 - 3)
-7
Calculate (-9 - -12 - -4) + (-3 - -2).
6
What is -6 - -4 - 0 - -3 - 3?
-2
What is the value of (3 - (2 - (-5 - 1))) + 1?
-4
What is the value of 10 - (-13 + 25 + -3)?
1
What is the value of -4 + (-13 - (7 - 14))?
-10
What is the value of -5 - -9 - (8 + -2)?
-2
What is the value of (4 + -4 - 0) + -2?
-2
Evaluate -2 - 1 - (-3 + 9 - 4).
-5
What is -1 + (-14 - -29) + -10?
4
Calculate 0 - (-3 - -3) - 1 - -6.
5
What is the value of -5 - ((-11 - 5 - -4) + 5)?
2
-1 + 0 - ((-4 - -7) + -3)
-1
Evaluate (-8 + 13 - -8) + -5.
8
Evaluate -3 + -13 + 2 + 6.
-8
What is 3 + 0 - (4 + 0 + -6)?
5
What is the value of -10 - (-12 - 4) - 10?
-4
Calculate 4 - (4 + -9 - -15).
-6
Calculate -7 + 1 + 2 + (-1 - -10).
5
8 - 1 - (5 - 3)
5
Calculate 8 + (-7 - (-1 + 3)).
-1
Calculate -1 - -2 - (-4 - 0).
5
Calculate (0 + -3 - (4 - 6)) + 1.
0
-22 - (-21 + 7) - -11
3
What is the value of -8 + 8 - (-4 + 0)?
4
Calculate -4 - (-7 - -3 - (0 - 3)).
-3
Evaluate -1 + 1 - (-7 + (0 - -2)).
5
What is 7 + -9 + 1 + -1 + 5?
3
Evaluate -51 + 26 + 32 - (1 + 3).
3
Calculate -37 + 35 - (-6 - (2 + -4)).
2
What is 12 + -1 - 8 - 8?
-5
Calculate 7 - (-1 + 5) - 2.
1
Calculate -2 - (-5 + 0 + -2).
5
What is 4 + (3 + -2 - 9)?
-4
What is the value of 0 - (5 - 0 - 4)?
-1
Evaluate (2 + 2 - -4) + 20 + -38.
-10
1 - 8 - (-1 + -5 + 4)
-5
7 - (2 - (-12 - -16))
9
(-12 - -18) + -3 + (1 - 11)
-7
3 + 5 + -6 + 0
2
Calculate -6 + (12 - 0 - 1).
5
What is the value of 1 + 6 + -7 - (-3 - -5)?
-2
3 - (-2 + 2 - -5) - 0
-2
What is the value of 1 + (2 - 4) + 2 - -4?
5
What is the value of 1 - (3 - 4) - 8?
-6
(0 - (-2 + 1)) + (-2 - 4)
-5
Calculate -24 - -20 - (-4 - 9).
9
Calculate 56 + -69 + 0 + 7.
-6
What is (-2 + (4 - 1) - 4) + -3?
-6
Evaluate -1 + 2 + -2 + (-2 - -6).
3
Evaluate 3 + (2 - (2 - 2 - 0)).
5
Evaluate (0 - 4) + 9 - (-15 - -16).
4
Evaluate -3 + 4 - (1 + (-3 - -1)).
2
What is 5 + -1 + (-7 - (-5 + -2))?
4
What is 3 + 4 + -3 + -1?
3
What is 1 + -5 - 2 - -3?
-3
Evaluate (-16 - -6) + (-1 - -8).
-3
What is 2 + -9 - (-8 - 5)?
6
Evaluate (-5 + 12 + -4 - -3) + 1.
7
Calculate 8 + (-6 - -5) + -2.
5
Evaluate 4 + (-1 - (0 + (5 - 4))).
2
-1 + (2 - 8 - (-1 + -5))
-1
What is (3 - (4 + -1)) + 3 + -6?
-3
Evaluate (7 - 0) + -4 + -1.
2
Evaluate -2 + 15 + -9 - 3.
1
0 + -8 - (-4 - 2)
-2
0 + (2 - (2 + 4))
-4
Evaluate -7 + 9 + -4 - -6.
4
What is 7 + -4 - (-11 + 20)?
-6
What is -4 - (6 + -1 + -7 + 1)?
-3
What is -10 - (5 - 13) - (-2 + -1)?
1
What is the value of -2 + 8 + -2 - (4 + 0)?
0
Calculate 0 + -3 - -2 - (1 - 2).
0
What is the value of 5 + 0 + (-8 - -7)?
4
What is the value of 8 + -4 - (0 - 1)?
5
Evaluate 0 + -3 - (-12 - -12).
-3
Calculate (-8 + 13 - (4 - 3)) + -9.
-5
17 - (-12 - -15 - -4)
10
What is -3 + (2 - (1 + -1)) + -1?
-2
What is 2 + 5 + -6 + 0 + 0?
1
What is 8 - (4 - 1 - -3)?
2
Calculate 0 + -1 + 4 + -2.
1
Evaluate (1 - -3) + 12 + -12.
4
What is the value of -1 - (4 - 1 - 7)?
3
Evaluate 5 + 11 + -17 + 3 + 3.
5
Calculate -5 + -4 + 4 + 0.
-5
Evaluate -